 5*a - 34 = -24. What is r(a)?
7
Let s(u) = 3*u + 7. Let c be (-3)/(-9)*((-3690)/(-3) + 3). Suppose c*m = 416*m + 25. Determine s(m).
-8
Let z(q) = q**2 - 282*q + 3497. Let i be z(13). Let v(h) = 2*h**2 + 41*h - 2. What is v(i)?
-2
Let d(h) = h - 8. Let b(o) = o**2 - 18*o + 77. Suppose 5*s = 3*c + 48, 0*s - 48 = -3*s - 3*c. Let y be b(s). Determine d(y).
-3
Let a(l) = 14061*l - 70306. Let u be a(5). Let k(n) = n**2 - 5*n - 5. Let h be k(6). Let i(x) = 0 - 2 + h - 13*x**3. Give i(u).
12
Let l(m) = -11*m**3 - 5*m**2 - 4*m - 9. Let v(d) = -7*d**3 - 3*d**2 - 3*d - 8. Let q(t) = -2*l(t) + 3*v(t). Give q(0).
-6
Let y(r) = 21*r**3 + 58*r**2 - 11*r + 69. Let c(i) = 19*i**3 + 53*i**2 - 9*i + 65. Let l(f) = 10*c(f) - 9*y(f). Determine l(-7).
15
Let i be 1 + 604/(-30) + (-514)/(-3855). Let f(t) = t**2 + 14*t - 82. Calculate f(i).
13
Suppose 0 = 6*b - 3*b - 21. Let k(x) = -186 - 2*x**2 + 181 - 55*x + 70*x. Let g be k(b). Let p(i) = 3*i**2 - 3*i + 2. Give p(g).
8
Let l(h) = -2*h**3 - 2*h**2 + h - 25. Let u(c) = 3*c**3 + 4*c**2 - c + 50. Let a(s) = -5*l(s) - 3*u(s). Determine a(4).
-1
Let x(p) = p**2 - 23*p - 3. Let f be x(0). Let b(r) = 3*r**3 + 5*r**2 + 6*r + 3. What is b(f)?
-51
Let m(o) = 135*o - 20. Let c(k) = -238*k + 41. Let j(s) = -4*c(s) - 7*m(s). Calculate j(-13).
-115
Let l(q) = -q**3 + 19*q**2 + 19*q + 26. Let h = -485 - -509. Let s be h - 0/3 - (-2 + 6). What is l(s)?
6
Let s(i) = 6*i**2 + 40*i - 11. Let j be (4/(-1))/((-23)/((-2001)/58)) - 1. Determine s(j).
3
Let g(n) be the second derivative of -n**4/12 - 8*n**3/3 - 8*n**2 + 4226*n. What is g(-2)?
12
Let f(x) be the third derivative of -1/30*x**5 - 1/6*x**4 + 0 + 0*x - 47*x**2 - 1/120*x**6 - 1/2*x**3. Give f(-2).
5
Let z(r) = -r + 13. Let x be (-28)/(-350) + (-2046)/(-50). Suppose x*s + 28 = 45*s. Calculate z(s).
6
Let u(v) = -40*v + 96. Let w(o) = -36*o + 96. Let g(j) = -3*u(j) + 4*w(j). Determine g(4).
0
Let x(y) = 5*y**2 + 22*y + 21. Let a be x(-1). Let k(c) = 5*c - 2. Let t(i) = 2*i - 1. Let u(g) = 3*k(g) - 8*t(g). Determine u(a).
-2
Let t = 67 + -67. Let p be 2 - 6 - -6 - (t + -2). Let c(i) = 5*i - 2*i + 5*i**2 - p*i. What is c(2)?
18
Let y be (-1)/(-1 - 6/(-8)). Let l = y + -2. Let v(r) be the second derivative of -5*r**3/6 - r**2 + 2310*r. Determine v(l).
-12
Let d = -5624 + 5641. Let f(r) = -13*r + 229. Determine f(d).
8
Let w(b) = -5*b. Let r be (9 - 6)/((-1)/(-1)). Suppose 4*t = r*a - 16 + 39, -4*t + 4*a = -28. Suppose -6 = 2*l - 2*d, 5*d = t*l - 0 + 12. Give w(l).
5
Let c be (12/18)/((-4)/(-12)). Suppose -4*b + 58 = 4*z - 2, -c*z - 5*b = -45. Let k(v) = -v + 13. Calculate k(z).
3
Let d(o) be the third derivative of 0*o + 1/12*o**4 + 17/60*o**5 + 0 - o**2 - 1/6*o**3. Calculate d(1).
18
Let y = -2711 + 2692. Let v(g) = g**2 + 18*g - 11. What is v(y)?
8
Let m(k) = -13*k**3 - 119*k**2 - 8*k - 20. Let z(f) = 4*f**3 + 36*f**2 + 3*f + 7. Let v(t) = -3*m(t) - 10*z(t). Determine v(-2).
-2
Let h(v) be the second derivative of -v**3/6 - 61*v**2/2 + 10509*v. What is h(-3)?
-58
Let x(u) = u**2 - 3*u - 6. Let z = 24 + 12. Let a be (-3)/(-4)*(-868)/21. Let v = z + a. Give x(v).
4
Let x(i) be the third derivative of i**6/120 + i**5/15 - i**4/24 + 5*i**3/6 + i**2. Suppose -11*j - 20 = -7*j + 3*u, -3*u = j + 5. Calculate x(j).
-15
Let j(x) = -2*x**2 + 18*x + 13. Let b(o) = 4*o**2 - 89*o - 158. Let d be b(24). Give j(d).
-7
Suppose 67*z - 65*z + 12 = 8. Let n(j) = -128*j - 256. Calculate n(z).
0
Let b(i) = i**2 - 3*i - 1. Suppose 0 = -4*f + 52 - 12. Suppose -48 = f*o + 2. Let c be (-3)/15*o + (3 - 1). Determine b(c).
-1
Let b(r) = 30*r**3 - r - 131*r**2 + 28*r - 17*r**3 + 6 + 120*r**2 - 14*r**3. Determine b(-13).
-7
Let a(v) = v**3 + 16*v**2 + 18*v + 44. Let z(d) = d**3 + 4*d**2 - 6*d - 39. Let m be z(-4). Give a(m).
-1
Let h = 123 - 116. Suppose 27 = 4*i + h. Let r(o) = o - 11. Determine r(i).
-6
Suppose -a + 4*a - 138 = 0. Let b = -51 + a. Let f(s) = s**3 + 6*s**2 + 6*s + 4. What is f(b)?
-1
Suppose 5*l + 135 = -c, -3*l + 9*c = 4*c + 109. Let k be 1/((-3)/6) + -1 + l. Let s = k + 25. Let z(j) = -j**3 - 7*j**2 - 5*j - 1. Give z(s).
-7
Let w(r) = 9*r - 88. Suppose 3583*z = 3593*z - 120. Determine w(z).
20
Let j = 103 - 94. Suppose 5*n - 128 = j*n. Let z be (-15)/(-20)*n/(-4). Let d(r) = r + 1. Determine d(z).
7
Let z be 1/3 - 12/36. Suppose -i - w = z, 8*i - 7*i + 5*w + 16 = 0. Let n(j) = 5*j + 0 - 2 + 2 + i. Calculate n(-4).
-16
Let b(f) = 2057*f**2 + 2055*f**2 + 2*f**3 - 4113*f**2 - 2*f. Determine b(-1).
-1
Let u = 1473 + -759. Let f(x) = -1417 - x + u + 705. Calculate f(-5).
7
Let y(v) = 28*v - 1. Suppose 0 = t + 4, 7*k - 4*t = 4*k - 182. Let x = 69 + k. Suppose -2*n = 4*p + 22, x*n = 5*n - 5*p - 23. Calculate y(n).
-29
Let k(n) = -n**2 + n. Let q = 280 + -276. Suppose 0 = -4*a + a + q*a. Calculate k(a).
0
Suppose 7*h - 36 + 29 = 0. Let y(b) = -5680*b - h + 0 + 2 + 5679*b - 2. Calculate y(-7).
6
Let x be ((-6)/9)/((-6)/81). Let k be 2*(x/(-6))/(-3). Let m(q) = -15*q**2 + 6*q - 23. Let l(w) = 8*w**2 - 4*w + 14. Let j(y) = -5*l(y) - 3*m(y). What is j(k)?
6
Let c be ((-5)/(-15))/(4/(-36)) + -64. Let z = c + 57. Let n(f) = f**3 + 11*f**2 + 10*f + 2. Calculate n(z).
2
Let v be (3/(-2))/3*4. Suppose 4*p = -3*r - 19, 2*r + 10 = -5*p - 5. Let c = v - r. Let b(q) = -2*q**2 + 3*q + 3. Determine b(c).
-6
Let v(p) = -7*p**2 - 57*p - 279. Let d(m) = -2*m**2 - 17*m - 93. Let g(c) = -10*d(c) + 3*v(c). Calculate g(9).
3
Let x(j) be the second derivative of -5*j**3/6 - 51*j**2 + 7127*j. Determine x(-25).
23
Let s(d) = 169*d + 43 - 47*d - 75*d - 43*d. Calculate s(-9).
7
Let l(v) = -v**3 + 5*v**2 + 8*v + 64. Let f(n) = -7*n**2 - n - 2. Let m(r) = 4*f(r) + l(r). Give m(-23).
-36
Let c(n) = 15*n**2 + n. Let r(l) = -l**2 - 26*l - 47. Let q be r(-23). Suppose -q - 6 = 28*u. Give c(u).
14
Let a(v) be the first derivative of v**3/3 + 4*v**2 + 15*v + 1994. Determine a(-5).
0
Let y(l) = -l**2 + 63*l + 2. Let c be y(0). Let z(q) = -213*q - 1 - 3 + 223*q - q**3 - 3 + 4*q**c + 4*q**2. Determine z(9).
2
Let z(t) = -7*t - 4. Let i = 868 + -873. Let j be -7 - 2*(-1)/2. Let h(n) = 8*n + 3. Let q(o) = i*h(o) + j*z(o). What is q(-7)?
-5
Let f(l) = 28*l - 87. Suppose 5*a = n - 11 + 28, -3*n + 4*a - 7 = 0. Let h be f(n). Let o(u) = 3*u**2 - 2*u + 2. Give o(h).
35
Let o(j) = 24*j + 1. Let t be o(1). Let m be 243/(-729) - (2 + (-7)/3). Suppose m*k - 4*k = -3*b + 2, t = -5*k. Let c(w) = w**2 + 6*w + 7. Give c(b).
7
Let f(k) be the second derivative of -1/20*k**5 + 5/2*k**2 - 4/3*k**3 - 2/3*k**4 + 0 + 2*k. Let z(q) = 39*q + 266. Let o be z(-7). What is f(o)?
12
Suppose 2*t - 2*v - 14 = 0, t + 4*v - 3 = -6. Let y = -1080 + 1085. Let u(s) = 5 - 4 + 4*s - 5 - y*s + 2. Calculate u(t).
-7
Let h be 0/((2 - 4)/2). Let n(o) be the third derivative of -o**7/5040 + o**6/360 - o**5/10 - 60*o**2. Let r(g) be the third derivative of n(g). Determine r(h).
2
Let d be (54/135 + (-42)/(-20))*2. Let x(c) be the first derivative of -c**2/2 + 11*c - 9. Determine x(d).
6
Let s be 0/((2 - 3)/1). Let i(d) be the third derivative of d**6/120 - d**5/60 - d**4/12 + d**3 - 32*d**2 + 2*d + 11. Give i(s).
6
Let m(f) = -2*f**2 + 10. Suppose 5 = -v, -t + 3*t - 4*v - 14 = 0. Let a(i) = i - 2. Let d(z) = t*a(z) - m(z). Give d(3).
5
Let x(v) = v**2 - 296*v - 894. Let i be x(-3). Let t(g) = -g**2 - 7*g. What is t(i)?
-30
Let a = -2903 - -2902. Let k(n) = 32*n + 2. Give k(a).
-30
Let v(h) = -4*h**2 - 8*h + 19. Let u be (7 - (25 - 19))*4*(-3)/(-6). Calculate v(u).
-13
Let d(n) = 62*n + 39. Let h(f) = 7*f + 1. Let q(l) = -d(l) + 9*h(l). What is q(-4)?
-34
Let r(g) = 118 - 5 - 25 - 2*g - 32 - 27 - 31. Suppose -2*m - 4*s = 3 + 5, 0 = 5*m + 2*s + 4. Determine r(m).
-2
Let z(r) = -4*r + 2. Suppose 32 = -41*u + 42*u. Suppose 35*c = u*c + 21. What is z(c)?
-26
Let n(h) = 4*h + 2. Let i = 7 + 168. Let a = i - 177. Calculate n(a).
-6
Suppose -3*r = 4*v + 86 - 87, 3*v - 3 = -3*r. Let h(z) = -z + 21. What is h(r)?
18
Let i(o) = -15*o + 16. Let y(w) = 21 + 3*w - 13*w + w - 8*w + 2*w. Let d(l) = 4*i(l) - 3*y(l). Give d(1).
-14
Let j(h) = h**2 - 4*h + 5. Let w be j(4). Let q(y) = -48*y**2 - 16 - 16*y + 67 + 25*y**2 + 24*y**2. Let v be q(w). Let p(n) = 2*n + 5. Determine p(v).
-3
Let h(r) = r**3 + 10*r**2 + 10*r - 22. Let a(w) = w**3 - 7*w**2 + 6*w - 9. Let g be a(6). Determine h(g).